y s.
8
Suppose 7*l + 255 = 8*l. Calculate the remainder when l is divided by 87.
81
Let w(r) = 12*r - 26. Suppose 36 = 10*u - 7*u. What is the remainder when w(u) is divided by 15?
13
Suppose -1 = s + 2*d - 18, 5*d = -10. What is the remainder when 138 is divided by s?
12
Suppose 2*u + 4*f - 18 = 0, 1 - 14 = 3*u - 2*f. Let t = u - -11. Suppose 0 = -5*b + 110 + t. What is the remainder when 93 is divided by b?
21
Suppose 0 = a - 2*q - 103, -2*q = -0*a - 2*a + 198. Suppose 0 = 2*w + 3*k - 61, -3*w + 3*k + 94 = 5*k. Calculate the remainder when a is divided by w.
31
Suppose -3*x = 42 - 63. Calculate the remainder when 14 is divided by x.
0
Let v = -51 + 74. Let k(a) = -18*a + a**2 + 4 + 4*a + 1 + 3. What is the remainder when v is divided by k(14)?
7
Suppose -2*g = -9*g + 462. Suppose 0*t = -2*h - 2*t + 36, 5*h + 4*t - 95 = 0. What is the remainder when g is divided by h?
20
Suppose 10 = h + 1. Suppose 16 = 11*z - h*z. What is the remainder when 21 is divided by z?
5
Suppose 37*n - 6 = 34*n. Suppose 2*o + 4*l = 5*l + 29, 0 = n*o + 2*l - 44. Calculate the remainder when o is divided by 9.
8
Let b be (-3)/(-2)*(5 - 1). Let p(r) = r**3 - 5*r**2 + 12. What is the remainder when p(b) is divided by 17?
14
Let q(j) = 11*j + 11. Let i be q(4). Let y = 74 - i. What is the remainder when 91 is divided by y?
15
Let y = -12 + -34. Let w = y - -70. What is the remainder when w is divided by 13?
11
Suppose 2*l + 5880 - 5932 = 0. Suppose 2 + 0 = 2*i. Suppose 5*x - 71 = -i. Calculate the remainder when l is divided by x.
12
Calculate the remainder when 406 + ((-2726)/(-522) - (-2)/(-9)) is divided by 83.
79
Suppose 0 = 4*j - 4*x - 1516, -5*j + 1786 = x - 115. What is the remainder when j is divided by 123?
11
What is the remainder when (-2 - 0)/(6/(-1524)) is divided by 102?
100
Suppose -3*j = -6*n + n - 35, -2*j + 35 = -n. Let g = -20 + j. Suppose -s - 66 = -f - f, g = -4*s + 16. What is the remainder when 138 is divided by f?
33
Let y = 793 + -389. Calculate the remainder when y is divided by 34.
30
Suppose 0*z = 2*z + 210. Let b be (2 - 0) + 0 + 1 - -144. Let t = b + z. What is the remainder when t is divided by 15?
12
Let f(l) = l**2 + 2*l + 4. Suppose -4*s + 114 = -498. Let o = s - 44. What is the remainder when o is divided by f(4)?
25
What is the remainder when ((-87)/(-12) + 2)/((-23)/(-92)) is divided by 28?
9
Suppose 3*x - 6 = x. Suppose -4*l + 12 = -8. Suppose m + 19 = -l*b, 6*m = 3*m - 3*b - 9. Calculate the remainder when x is divided by m.
0
Let d(p) = -p - 8. Let f(g) = 11*g**2 - g - 4. Calculate the remainder when f(-3) is divided by d(-18).
8
Suppose -18 = -10*m + m. Suppose -m*r = 12 - 70. Calculate the remainder when r is divided by ((-20)/6)/((-2)/9).
14
Let n(d) = -3*d - 13. Let x be n(-9). Let q = -12 + x. Suppose 0 = 3*h + q*h - 2*r - 135, 4*h - 2*r = 106. Calculate the remainder when h is divided by 15.
14
Suppose -2*w + 53 - 7 = 0. What is the remainder when 91 - (-2)/(-4)*(-19 - -23) is divided by w?
20
Suppose -4 = -0*n - 4*n. Calculate the remainder when -1 - (2 - (n + 29)) is divided by (-2 + (-58)/(-14))*(-6 + 13).
12
Let l be 1 + 2 + 1 + -7. Let w be (15/(-9) - -1)*l. Calculate the remainder when 5 is divided by (-72)/(-20) + w/5.
1
Let y be -1 + -2 - 1 - -6. Suppose -2*m = -y - 6, -4*h + 248 = 4*m. Suppose 0 = -c - 4 + 19. What is the remainder when h is divided by c?
13
Suppose 4*q - 55 = r, 3*q - 18*r = -15*r + 48. Suppose 2*h + 0*h - 600 = -4*u, 588 = 4*u + 5*h. Calculate the remainder when u is divided by q.
9
Suppose -5 = -p + 8. Suppose 39 = 4*x - p. Calculate the remainder when 36 + (-7)/(21/(-6)) is divided by x.
12
What is the remainder when 38 is divided by -8 + (23 - 14/7)?
12
Let m = 1 + 0. Let n = 6 - m. Calculate the remainder when (26/(-6) - -2)/((-36)/108) is divided by n.
2
Let y = 2338 + -2288. What is the remainder when 362 is divided by y?
12
Let n = -86 - -60. Let t = n - -28. Suppose -t*j + 17 + 25 = 0. Calculate the remainder when 61 is divided by j.
19
Let x be (15 - 14)/((-1)/(-3)). Suppose -j = -2*o - x, 3*j + 0 = -o + 44. Calculate the remainder when j is divided by 5 - -1 - 2/(-2).
6
Let n = 6 + -2. Calculate the remainder when (11 - 56/5) + 272/10 is divided by n.
3
Let h = -11 + 8. Let f be h + 2/((-4)/4). Let t = f + 14. What is the remainder when 15 is divided by t?
6
Let a = -68 - -238. Suppose -11*w = -16*w + a. Calculate the remainder when w is divided by 13.
8
Suppose 0*i = 3*i + a - 93, 5*i + 3*a = 159. Let h = 91 - i. Let g(f) = -16*f. Calculate the remainder when h is divided by g(-1).
13
Let a(c) = -c**2 + c - 2. Let v be a(0). Let q = -38 + 43. What is the remainder when 3*v/(-6)*7 is divided by q?
2
What is the remainder when 69 is divided by 6/(-2) - 1 - -16?
9
Suppose 8*q = 10*q - 96. Calculate the remainder when (54/(-8))/((-6)/q) is divided by 14*1*1/1.
12
Suppose 23*v + 156 = 915. What is the remainder when v is divided by 17?
16
Let l be 5/(10/(-4)) + -26. Let w = -19 - l. What is the remainder when w is divided by 0/5 - -2 - -3?
4
Suppose 0 = 3*k - 130 + 43. Let x = k - 20. What is the remainder when 35 is divided by x?
8
Let r(x) = -2*x - 14. Let g(l) = l + 5. Let v(f) = -10*g(f) - 3*r(f). What is the remainder when 30/12*126/5 is divided by v(-6)?
15
Let d = 1557 + -1442. Calculate the remainder when 1032 is divided by d.
112
Suppose -4*t = 3*f - 195 + 25, 3*t - 5*f - 113 = 0. What is the remainder when t is divided by (0/(-5))/(-3) - -14?
13
What is the remainder when 1 - -116 - (-28 - -35) is divided by 67?
43
Let s(r) = 2*r**3 + 59*r**2 - 35*r - 102. What is the remainder when (6/9)/((-6)/(-1719)) is divided by s(-30)?
47
Let c(y) be the third derivative of -y**6/40 - y**4/8 + 3*y**2. Let n(u) be the second derivative of c(u). Calculate the remainder when 34 is divided by n(-1).
16
Let j = -1555 + 1612. What is the remainder when 398 is divided by j?
56
Suppose 12*h = 30*h + 15*h - 990. Calculate the remainder when 1*-269*(-2 + 1) is divided by h.
29
Let s(j) = 2*j**2 + 2*j + 1. Let a(d) = -d**2 + 7*d - 7. Let x be a(5). Suppose -13198*y + 13202*y = 56. Calculate the remainder when s(x) is divided by y.
11
Calculate the remainder when (-4 - -78)*(-93)/(-6) is divided by 28.
27
Suppose 13 = -7*b + 69. What is the remainder when b is divided by 2?
0
Suppose 4*l - 8 = 2*b - 0*l, 5*b = -4*l + 36. Suppose 0*s + 5*s = -b*r + 43, -5*r + 3*s + 26 = 0. Calculate the remainder when 47 is divided by r.
5
Let j = 107 + -10. Suppose 22*z - 27*z = -100. What is the remainder when j is divided by z?
17
Suppose -2*j + 5*m + 45 = 0, -4*m + 14 - 64 = -2*j. What is the remainder when 87 is divided by j?
17
Suppose 5*g = 2*o - o + 1135, 2*o + 227 = g. What is the remainder when g is divided by 33?
29
Suppose -8*y + 3*d - 45 = -13*y, 3*d + 15 = 0. What is the remainder when 45 is divided by y?
9
Suppose 2*b + 3*v = 163, -b - 2*v - 238 = -4*b. Calculate the remainder when b is divided by 43.
37
Suppose b - 87 - 4 = 0. Suppose 3*n - 203 = -4*x, -b = -4*x + 2*x - 5*n. Calculate the remainder when x is divided by 14.
11
Suppose -2*c + 3*c = -5, -4*y + 430 = -2*c. What is the remainder when y is divided by 6?
3
Let t(r) = -r**3 - 33*r**2 - 92*r - 34. Let h be t(-30). Calculate the remainder when 43 is divided by h/195 - (-238)/15.
11
Let j(s) = -4*s. Let k be j(-1). Suppose -k*w = w. Suppose 2*q - 7 - 23 = w. What is the remainder when q is divided by 4?
3
Let q = -841 + 855. Calculate the remainder when 54 is divided by q.
12
Suppose 15 + 17 = u. Suppose u*o - 37*o = -115. Calculate the remainder when o is divided by 8.
7
Let i = 9 - -1. Let p = 932 - 905. What is the remainder when p is divided by i?
7
Let m(v) = v - 1. Let w be m(5). Suppose a = -0*a + 4*l + 10, -w*l = 2*a - 20. Calculate the remainder when (-333)/27*(2 - 5) is divided by a.
7
Let y = 51 + -31. Suppose 3*b - 34 = -2*b - 2*u, -2*b + y = 4*u. Suppose 5*g = a - 29, b*g = -2*a + g + 28. Calculate the remainder when 75 is divided by a.
18
Suppose -p - 2*h = -421, 0 = 26*p - 27*p + h + 418. Calculate the remainder when p is divided by 42.
41
Let r(t) = t + 8. Let x be r(-8). Suppose x*z = -2*z + 46. What is the remainder when z is divided by 13?
10
Let o(x) = -4*x - 8. Let d be o(-6). Let i = d + -14. Suppose 0 = i*w + 3*w - 45. Calcu